hat is the units digit of ((-5)/g)/(1/(-38))?
9
What is the tens digit of 51072/171 + 8/6?
0
Let d be 16/10 - (-14)/35. Let r = 4 - d. Suppose -3*v + 2*v - 5*c + 22 = 0, 0 = -r*c + 6. What is the units digit of v?
7
Suppose 258 = -0*k + 2*k. Suppose -4*g + 2*t = 3*t - k, 4*g - 2*t = 138. What is the tens digit of g?
3
Let y be (-2 - (5 - 2))*-1. Suppose -y*g - 23 = -6*g. What is the tens digit of g?
2
Let f(n) = -2*n**3 - 16*n**2 - 13*n + 11. Let w(b) = 4*b**3 + 32*b**2 + 25*b - 21. Let x(a) = 11*f(a) + 6*w(a). What is the units digit of x(-6)?
7
Suppose 0 = -5*f + 7*f - 6. Let k = f - -57. What is the tens digit of k?
6
Suppose 2*p - 5 = -19. What is the units digit of -3 + (-2643)/(-21) - 1/p?
3
Let k = 1735 + -1210. What is the tens digit of k?
2
Let x = 1455 + -861. What is the tens digit of x?
9
Suppose 4*u = -5 + 13. Suppose u*b = 4*b. Suppose b = 3*y + y - 28. What is the units digit of y?
7
Let q = 5 + -20. Let i be (-3 - 2)/q*0. Suppose i = 4*d + 26 - 274. What is the tens digit of d?
6
Let v be 0 - (-4)/8*-14. What is the units digit of (v + 4)/(-3) - -3?
4
Let u(a) = 1. Let h(y) = y - 12. Let i(z) = -h(z) + 4*u(z). Suppose p - 21 = 2*f, p + 2 = -f - 10. What is the units digit of i(f)?
7
Let y be (42/(-7))/(2*1). Let g be (-264)/(-9)*y/(-2). Suppose -28 = -2*x + g. What is the tens digit of x?
3
Let v(c) = -5*c**2 + 3*c - 6. Let h be v(4). Let t = 143 + h. What is the tens digit of t?
6
Let q = 236 + -220. What is the units digit of q?
6
Suppose 4*i + 51 + 57 = 2*x, -i - 157 = -3*x. Let j(n) = 85*n**2 + 21*n + 1. Let k be j(-1). What is the units digit of x/k*(-75)/(-2)?
0
Let l = 3 - 0. Suppose -l*p + 12 = -0*p. Let s(j) = 8*j - 4. What is the units digit of s(p)?
8
Suppose -71 = -7*k - 15. Suppose 2*l + 2*l - k = 0. Suppose -l*p = -3*p + 20. What is the tens digit of p?
2
Let s(j) = j**2 - 4*j + 2. Let i be s(4). Suppose -i*k = 4, -120 = r - 4*r + 3*k. What is the tens digit of r?
3
Suppose 163 = 3*g - 1037. Suppose -x + g = 4*x. What is the units digit of x?
0
Let q be 620/(-45) + (-2)/9. Let z(i) = -i**2 + 19*i - 18. Let b be z(18). Let c = b - q. What is the tens digit of c?
1
Let v = -214 - -362. What is the units digit of v?
8
Let y(h) = 51*h - 2. Let z be y(-2). Let x be z/16 - (-3)/(-2). What is the units digit of (2/6)/(x/(-408))?
7
Let h be -4*(-3 + 9/4). Suppose 6 = 3*f, -h*f = -s - f + 7. Suppose 44 = 5*c - s. What is the tens digit of c?
1
Let d = 12 - -86. Let z be (-9)/(-7) + (-28)/d. What is the tens digit of ((-24)/16)/(z/(-34))?
5
Let g(y) = -15*y - 1. Let w(u) = -u - 11. Let x be w(-9). What is the units digit of g(x)?
9
Let z(q) = -q**3 - 9*q**2 - 7*q - 4. Let u be z(-8). What is the tens digit of ((-4)/u)/(2/90)?
1
Suppose -32*r - 47*r + 258646 = 0. What is the tens digit of r?
7
Suppose -61*o + 67*o - 432 = 0. What is the tens digit of o?
7
Let q be (-1)/(1/(-6)*3). Suppose 0*l = q*l + 5*c - 17, -24 = l - 4*c. Let u(x) = 3*x**2 + 4*x - 3. What is the units digit of u(l)?
9
Let z = 269 - -151. What is the tens digit of z?
2
Let g = 9 + -7. Suppose -g*a + 336 = 4*a. What is the units digit of a?
6
Let y(w) = 2*w**2 - 2*w + 3. Let o be y(2). Suppose 7*k + o = 8*k. Let q = 25 + k. What is the units digit of q?
2
Suppose -5041 = -6*z + 2645. What is the units digit of z?
1
Suppose -3*j + 23 + 565 = 0. What is the tens digit of j?
9
Let n = -81 + 353. What is the units digit of n?
2
Suppose -53*c = -129*c + 236816. What is the units digit of c?
6
Let t(a) = -2*a**3 + 42*a**2 - 26*a + 81. What is the hundreds digit of t(17)?
9
Let n(b) = 163*b**2 + 31*b + 114. What is the thousands digit of n(-4)?
2
Let s = -150 + 258. Let v = 47 - 121. Let u = v + s. What is the tens digit of u?
3
What is the units digit of (2 + 14/35)/(2/920)?
4
Let m(j) = j**3 + 8*j**2 + 8*j + 7. Let g be m(-6). Suppose 3*x = -3*w - 12, -4*w - 4*x + 3*x - g = 0. Let d(c) = -2*c + 6. What is the tens digit of d(w)?
2
Let r(g) = 3*g**2 - 2*g + 1. Suppose -l = b - 1, 0 = 6*b - b. Let i be r(l). Suppose 0 = i*m - 10, -c = -3*c + 3*m + 31. What is the tens digit of c?
2
Let b = -587 + 982. What is the units digit of b?
5
Let a(c) = 2*c**3 + c**2 - 2*c + 375. What is the units digit of a(0)?
5
Let t(q) = -2*q + 4. Let a be t(-8). Suppose -x = -5*x - 12. What is the units digit of ((-48)/a)/(x/20)?
6
Let x = 2918 + -1627. What is the thousands digit of x?
1
Suppose 4*n = -4*f + 1076, 23*n - 21*n = 3*f + 553. What is the tens digit of n?
7
Let s be (1*-1)/((-4)/24). Suppose 2*o - s*o + 40 = 0. Suppose 4*m = o + 294. What is the tens digit of m?
7
Suppose -2*v - 14 = -4*v. Let w = v + 10. Suppose x + 0*z + 4*z = w, 0 = -5*z + 10. What is the units digit of x?
9
Let l be (177/6)/(2/4). What is the tens digit of ((-12)/12)/((-119)/l - -2)?
5
What is the thousands digit of ((-21130)/(-20))/((-1)/(-2))?
2
Suppose p + 75 = 6*p. Let x = 44 - p. What is the tens digit of x?
2
What is the units digit of 100268/44 - 4 - (-8)/44?
5
Suppose 4*n - a = 12, 4*a - 1 = -2*n + 5. Let p(q) = -6*q - n*q + 2 + 2*q. What is the tens digit of p(-5)?
3
Suppose 0 = -4*l, -j - 3*j + 4*l = -1556. What is the tens digit of j?
8
Suppose -18*w + 3726 + 4230 = 0. What is the hundreds digit of w?
4
Suppose 5*k + 4*l = 6679, -9*l + 6*l = k - 1327. What is the tens digit of k?
3
Suppose -6 + 21 = 3*z. Suppose -5*q - 10 = z*p, -2*p - q = 1 + 1. Suppose 0 = 3*c + 9, 3*a + c = -p*c + 12. What is the units digit of a?
5
Let z be (-12)/(-5)*(-60)/9. Let o = -12 - z. Suppose -3*y - 2*a = -22, -a = y - 6*a + o. What is the units digit of y?
6
Let u(j) = j**2 + 2*j + 100. Let q be u(0). Suppose 3 - 74 = -k. Let c = q - k. What is the units digit of c?
9
Suppose 4*i + 3*n = -248, -3*i - 83 = -3*n + 82. Let s be -3 + -1 - -8 - i. Suppose 2*w = -0*w + 8, -s = -v - 3*w. What is the tens digit of v?
5
Suppose -50 + 20 = 3*i. What is the units digit of (-53)/(-2) + -2 + (-5)/i?
5
Suppose 0 = 4*x + 5 + 11, 2*g + 10 = -4*x. Suppose g*r + 4*v = 182, 6*r - 2*r + 2*v - 256 = 0. Suppose 4*p - 26 = r. What is the tens digit of p?
2
Suppose 0 = 4*p - 7*p + 6. Let h(s) = 3*s**2 - s + 6*s + p*s - 1 - 3*s. What is the tens digit of h(-3)?
1
Suppose -13561 - 20594 = -15*d. What is the hundreds digit of d?
2
Let p(o) = 0*o**2 - o - 2 - 3*o**2 - o + o**3. Let u be p(4). Suppose u*f - 68 = 2*f. What is the tens digit of f?
1
Let v = 644 + -105. Suppose 377 = 4*j - v. What is the tens digit of j?
2
Let d = 36 - 34. Suppose -a = b - 25, 0 = -a - a + d*b + 70. What is the units digit of a?
0
Suppose 9829 + 3436 = 7*g. What is the tens digit of g?
9
Let c(k) = 30*k**2 - 2*k + 0*k + 3*k - 90*k**3 - 29*k**2. Let j be c(-1). Let h = j + -32. What is the units digit of h?
8
Suppose 3*r - 2122 = 4*n, -5*r - 9*n = -6*n - 3556. What is the hundreds digit of r?
7
Suppose -5577 = -7*a - 40. What is the tens digit of a?
9
Suppose -3*n = -6*n + 1377. Let h = n + -675. What is the tens digit of 20/110 + h/(-22)?
1
Let s(i) = -i**3 - 3*i**2 + 3*i + 1. Let v be s(-4). Suppose -4*u = v*h - 414, -3*u - 2*u - h = -528. What is the units digit of u?
6
Let m = -3 - -3. Let t(v) = -v**2 - 3*v**2 - 5*v + m*v**2 + v**3 + 2. What is the units digit of t(5)?
2
Let d(h) = 10*h**2 + 4. Let g = -14 + 12. Let v be (1 + g - 1) + 4. What is the tens digit of d(v)?
4
What is the hundreds digit of (-2 + 2 - 1608)*17/(-34)?
8
Let f = -29 + 32. Suppose -3*v + 3*h = -27, 2*v - 9 = -f*h - 6. What is the units digit of v?
6
Let x(r) = r**3 - 8*r**2 + 8*r - 10. Let o be x(7). Let v = 25 - o. What is the tens digit of v?
2
What is the tens digit of 11*((-54)/(-24))/(3/8)?
6
Suppose -86 = -2*v - 80. Suppose -227 + 56 = -2*w - z, v*w = 2*z + 274. What is the tens digit of w?
8
Let z = 1422 - -2119. What is the hundreds digit of z?
5
What is the thousands digit of (150/9 - -3)/(4/252)?
1
Let c(q) = -q**3 + 7*q**2 - 5*q - 1. Let s(i) = i - 1. Let w be s(-2). Let x = w - -9. What is the units digit of c(x)?
5
Suppose -25*x + 20*x = 0. Suppose -4*j + 115 + 149 = x. What is the units digit of j?
6
Let w(f) = 5*f**3 - 3*f**2 - 4*f + 1. Let u(m) = m + 6. Let d be u(-3). What is the tens digit of w(d)?
9
Suppose -2*j - 3344 = -4*j. What is the units digit of j?
2
Let p be -4 + 6 - 11*1. Let u(n) = -n**3 - 8*n**2 - 8*n - 6. Let l be u(p). Let z = l - 102. What is t